- 5. Let s be b(5). Suppose t + t - 60 = s. Let p = 38 + -32. Calculate the highest common divisor of p and t.
6
Let f be 1/(4/(-1 + -3)). Let o be (0 - (f + 11))/((-3)/27). Calculate the greatest common factor of 36 and o.
18
Suppose y + 3*c + 2 = 0, 0*y - 4*y + 14 = c. Suppose 2*u - h = 33 + 15, y*h = 4*u - 96. Calculate the greatest common divisor of 12 and u.
12
Suppose 4 + 20 = 2*u. Let s(l) = -l**2 + 7. Let v be s(-5). Let q be 24/v*9/(-2). What is the highest common divisor of q and u?
6
Let a = -850 + 600. Let u = -145 - a. Suppose -n + 5 = -u. What is the greatest common divisor of 10 and n?
10
Let b(k) = k**2 + k**3 + 2*k**2 + 11*k**2 + 17*k. Let p be b(-12). Suppose 60 = 5*r - 0*r. What is the highest common factor of r and p?
12
Suppose 4*r = 34 - 2. Suppose -5*c + 14 = 4*k, -k + 2*c - c - 1 = 0. Suppose k = -4*q + 5. What is the highest common factor of q and r?
1
Let r = 140 - 0. What is the highest common divisor of 56 and r?
28
Suppose 2*k + 4*f - 108 = 0, k + f - 157 = -2*k. Calculate the greatest common factor of k and 4.
4
Suppose 46*i = 43*i + 111. What is the highest common factor of 1073 and i?
37
Let u be 0 - (-1 - -2 - -881). Let b be (4/(-3))/(28/u). Calculate the highest common divisor of b and 14.
14
Let r be ((-3)/1 - -1)*-2. Let i = 38 - r. Suppose 4*u - i = 2. What is the greatest common divisor of u and 9?
9
Suppose -117*s + 109*s + 120 = 0. Calculate the highest common divisor of s and 2715.
15
Let z(u) = 25*u + 136. Let y be z(-5). What is the highest common factor of y and 352?
11
Let z(t) = t**3 + 9*t + 20 + 0*t**3 - 7*t - t**2. Let d be z(0). Calculate the greatest common factor of 4 and d.
4
Suppose -4*z = -18 - 58. Calculate the highest common factor of z and 152.
19
Let v be 9*(-10)/75*(0 + -5). What is the greatest common factor of 1 and v?
1
Suppose 5*o + 1 = 2*b - 62, -4*b + 56 = 4*o. What is the highest common factor of b and 380?
19
Suppose t - 467 + 455 = 0. Calculate the highest common factor of t and 192.
12
Let a(d) = -2*d - 48. Let o(f) = -f - 24. Let g(x) = -4*a(x) + 7*o(x). Let q be g(-7). Calculate the greatest common divisor of 17 and q.
17
Let l(b) = -b + 2. Let z be l(-10). Suppose -2*i = 53 - 63. Let m be 1 + i + z + -10. Calculate the highest common factor of 88 and m.
8
Suppose -2*v = -v - 23. Let s = 24 - 8. Suppose -o + v = -s. Calculate the greatest common divisor of o and 26.
13
Suppose -540 = 10*p - 5*p. Let t = -96 - p. Calculate the greatest common divisor of t and 15.
3
Suppose 2*h = -w + 17 + 8, -2*h = -3*w - 45. Suppose -f - 2*f + h = 0. Suppose -b + f = -6. Calculate the greatest common divisor of 55 and b.
11
Suppose 917 + 271 = 12*j. Calculate the highest common factor of j and 132.
33
Let g(d) = -10*d**2 - 3*d + 11. Let u be g(0). Calculate the highest common factor of u and 55.
11
Suppose -110 = -5*k - 3*h, -k - 4*k = -h - 110. Let j = 29 - 18. Calculate the highest common factor of k and j.
11
Suppose -3*f = -2 - 19. Let i(l) = -l**2 + 7*l + 4. Let o be i(f). Suppose -4*g + 56 = -2*g. Calculate the greatest common factor of o and g.
4
Suppose -5*x + 5*r = -15, -3*x + 4*r = 4 - 15. Suppose -5*d = 2*s - 20, 5*s = -4*d - x - 0. What is the greatest common divisor of d and 48?
6
Suppose -18*i - 369 = -2097. Calculate the greatest common factor of 104 and i.
8
Let m = -151 + 316. What is the highest common divisor of 15 and m?
15
Let r(k) = k + 2. Let s = -15 - -15. Let m be r(s). Suppose t + m = 5. What is the greatest common divisor of t and 6?
3
Let z(k) = -4*k + 4. Let i be z(-10). Calculate the highest common divisor of 33 and i.
11
Suppose -f + 3*f - 1054 = 0. Calculate the highest common divisor of f and 17.
17
Suppose 4*l - 102 = -r + 73, 2*r - 6 = 0. What is the highest common divisor of l and 43?
43
Let l(h) be the third derivative of -h**5/60 - 13*h**4/24 - h**3/3 - 12*h**2. Let w be l(-11). What is the greatest common factor of w and 50?
10
Suppose 7*m - 4*m + 143 = -5*t, -3*m - 163 = -5*t. Let n = m - -29. Let h = n + 102. What is the greatest common divisor of h and 20?
20
Let y(w) = 2*w**2 + 3*w - 3. Let x be y(3). Let i be -7 - -130 - (0 - -3). What is the greatest common factor of i and x?
24
Suppose 0 = -15*r - 5*r + 960. What is the greatest common divisor of r and 240?
48
Let s(b) = -4*b + 3. Let u be s(-6). Suppose 4*j - 144 = 2*k, -4*k - 159 + 51 = -3*j. Calculate the highest common divisor of j and u.
9
Let w be (12 - 8)/((1/1)/62). What is the greatest common factor of w and 8?
8
Let j(t) = -t**3 + 2*t**2 + 7*t - 10. Let o be j(2). What is the greatest common factor of 92 and o?
4
Let w(o) = 32*o**2 + 87*o - 365. Let n be w(4). Calculate the greatest common divisor of n and 180.
45
Suppose 4*n + n - 7 = 4*j, 2*j - 19 = -5*n. What is the highest common divisor of 28 and j?
2
Let p be (-3)/9*(-2 + 8). Let c be (61/p)/(4/(-8)). Suppose -5*o - g - 4*g + 70 = 0, -c = -5*o + 4*g. Calculate the highest common factor of o and 104.
13
Let c(a) = -6*a + 23. Let m be c(12). Let p be -1*m/35 - (-2)/(-5). Calculate the highest common factor of 5 and p.
1
Let c be (-210)/28*2/(-3). Calculate the highest common factor of c and 85.
5
Let j be (8 + (-584)/16)*94/(-3). What is the highest common divisor of 38 and j?
19
Let u be 3/1 + 16/2. Let l(z) = 3*z + 38. Let x be l(13). Calculate the highest common divisor of x and u.
11
Suppose -115 = -2*z - 17. Suppose 193 = 4*b + z. Calculate the greatest common divisor of b and 12.
12
Let i = 1117 + -1104. What is the highest common divisor of i and 403?
13
Suppose -t = -9*t + 8. Let r be ((-2)/6)/((t/18)/(-1)). Calculate the greatest common factor of r and 3.
3
Let z = -211 - -218. Calculate the greatest common divisor of 259 and z.
7
Let g be 1856/(-29)*1/(-2). Calculate the greatest common divisor of 4 and g.
4
Suppose 3 = -3*p + 2*p. Suppose -3*o - 2*o - 5 = 0. Let g be p - o*(81 - -2). What is the greatest common factor of 10 and g?
10
Let o(b) = 26*b - 109. Let d be o(8). Calculate the greatest common factor of d and 253.
11
Suppose 8*i - i = 0. Suppose i = 4*c + 3 - 19. What is the greatest common factor of 8 and c?
4
Let p = -34 - -51. Calculate the highest common factor of p and 119.
17
Let g(q) = 3*q**2 + 71*q - 99. Let h be g(-25). What is the highest common factor of h and 124?
1
Suppose 20 = 14*n - 13*n. What is the greatest common divisor of 8 and n?
4
Let v be (-1726)/(-8) + (-3)/(-12). Let o = -151 + v. Suppose 3*t = y + 100, o = 4*t + 3*y - 64. Calculate the highest common factor of t and 11.
11
Suppose 0 = -u - 2*i + 53, i + 84 - 238 = -3*u. What is the highest common divisor of u and 425?
17
Let s be (30*10/15)/(12/2082). Calculate the highest common factor of 10 and s.
10
Let q(a) be the second derivative of a**3 - 17*a**2/2 + 2*a. Let f be -7*(-2 + 4 - 3). Let z be q(f). Calculate the highest common factor of 10 and z.
5
Suppose -2*z + 3 = -3. Suppose -z*b + 40 = b. Calculate the highest common divisor of 80 and b.
10
Let a be 512/52 - 6/(-39). Suppose 14*r = a*r + 12. Let m be r/(-2)*(-22)/3. What is the highest common factor of 88 and m?
11
Suppose 0 = -10*v + 6*v + 5*a + 857, -2*v = 4*a - 396. What is the greatest common factor of 40 and v?
8
Let a(j) = -j + 7. Let p be a(5). Suppose -32 - 248 = -p*g. What is the highest common factor of g and 28?
28
Let s = 80 + -73. Suppose -16 = -6*k + 2*k. Suppose -k*g = -8*g + 308. Calculate the highest common factor of g and s.
7
Let k be (-1)/(-2)*0 - -26. Let a = -7643 + 7734. Calculate the greatest common factor of k and a.
13
Suppose -5*d - 4*w + 214 = -w, -2*d = w - 86. Suppose 5*z - d = 6. What is the greatest common divisor of 20 and z?
10
Suppose -96*d + 99*d - 132 = 0. Calculate the highest common factor of 2 and d.
2
Suppose -10*x = -5*x - 385. What is the greatest common divisor of 63 and x?
7
Let q(z) = -z + 4. Let w be q(0). Let s be w/14 - (-33)/7. Suppose 4*t - 4*i - 200 = -8*i, 200 = s*t - 5*i. What is the greatest common divisor of t and 18?
9
Let t be -3 - (-318)/(-6)*-1. Suppose 0 = -5*r + t - 0. What is the greatest common divisor of r and 25?
5
Suppose -4*f - 3*w = -126, 2*f + 0*w = 5*w + 76. Calculate the greatest common divisor of f and 6.
3
Let w = -3 - -21. Suppose 2*f - 94 = -9*y + 10*y, -f + 2*y + 53 = 0. What is the greatest common